y + 4048 = 5*a, 2440 = 3*a - 4*y. Let r = a - 405. Is r composite?
True
Suppose -58266 - 11172770 = -60*f + 868144. Is f composite?
False
Suppose 149*j + 1126699 = 37009922. Is j a prime number?
False
Let d(k) = 5*k - 14. Let i be d(-6). Let r be 1048/i + (-4)/22. Is (-3)/(-12) - 45/r*42 a prime number?
True
Is (-12 - -11 - -322) + -14 a composite number?
False
Let n(l) be the second derivative of -2395*l**3/6 + 71*l**2/2 + 2*l + 13. Is n(-6) composite?
True
Is (75/150)/((-4)/(-542744)) a composite number?
False
Suppose -238 = 47*p + 72*p. Suppose 5 + 6 = i. Is 2/((p/i)/(-17 - -10)) a composite number?
True
Suppose -7*u - 9*u = -32. Suppose 4*n - 71437 = u*m + 3*m, -3*n - 3*m + 53598 = 0. Is n composite?
False
Let n(y) = -13*y**3 - 4*y**2 - y - 9. Let s be n(-9). Suppose 5*v - s = 78692. Is v a composite number?
False
Let v = 46024 - -9359. Is v a prime number?
False
Let n = 60579 + 24158. Is n a prime number?
True
Suppose 2*u = -2*p + 4198, 6*p - 5*u + 2115 = 7*p. Suppose -9*b - p = -14*b. Is b composite?
False
Let h(m) be the second derivative of -79/6*m**3 - 7*m + 0 - 7/2*m**2. Is h(-6) prime?
True
Suppose -5*c + 0*b = -5*b - 40, 0 = -3*c + b + 20. Let a(s) = 7*s**2 + 0*s + 7 + 6*s + 10. Is a(c) composite?
True
Suppose m + 111 = 2*g, -g - 2*m = -2*g + 63. Let t = g - 62. Is 3/t - 2*2069/(-3) prime?
False
Suppose -37*l + 79 = -32. Suppose 5*q = 5*b + 21440, 2480 + 6071 = 2*q + l*b. Is q composite?
False
Let f = -78458 + 202455. Is f a composite number?
False
Let j(h) = 211*h**2 + 634*h + 38. Is j(13) a composite number?
True
Let x be 3*1 - (-11)/((-154)/(-14)). Is (86930/x)/((-95)/(-76)) a prime number?
False
Let d(w) = -1480*w - 326. Let g be d(-28). Suppose 5598 + g = 8*n. Is n a prime number?
True
Let b = -1809 + 3136. Let r = 2478 - b. Is r a composite number?
False
Let j(r) = r**2 + 6*r - 9. Let q be j(-7). Is 5 - ((-25424)/7 - q) composite?
True
Let o(w) = -8783*w**3 + 5*w**2 + 41*w + 87. Is o(-2) composite?
False
Let k(b) = 3*b**3 - 5*b**2 - 7*b - 7. Let q(t) = 2*t**3 - 6*t**2 - 7*t - 8. Let c(u) = -4*k(u) + 3*q(u). Let y be c(4). Let p = y + 659. Is p a prime number?
False
Let x(y) = 440*y - 1461. Is x(92) prime?
True
Let p = -267568 - -430217. Is p prime?
True
Let s be ((-772)/579)/(1 - 1499/1497). Let x = s - 331. Is x a composite number?
True
Let l = -423 - -498. Is -5*10/l - 23626/(-6) a composite number?
True
Suppose s + 327774 = 4*t, -3*s - 44740 = -6*t + 446924. Is t a prime number?
True
Suppose -2*x + 92965 = 5*m, -3*x + 42987 + 49978 = 5*m. Is m a composite number?
False
Let f = -245121 + 651302. Is f a prime number?
False
Suppose 3*w - 5 = 4. Suppose 2380 + 11404 = w*m - d, -4*d = -5*m + 22971. Suppose 4*h = 9*h - m. Is h a prime number?
True
Suppose 2*p = -17*p + 78204. Suppose -4*q - p = -4*d + 908, -5*d - 4*q = -6307. Is d composite?
False
Suppose 116*m - 9969612 - 26927320 = 0. Is m a composite number?
False
Suppose 3*l - 1015 = 2*r + 657, r - 5*l = -843. Let m = r - -1462. Is m a prime number?
False
Suppose 3*s + 28331 = h + 1556, 3*h - 3*s - 80313 = 0. Is h a prime number?
False
Let y = 1141 + -359. Suppose 5412 = 4*f - 4*q, 2*q = f - y - 575. Is f a composite number?
True
Suppose 4*o - 21 = -n + 2, o + 4 = 3*n. Suppose 77 = n*l + 5. Suppose -l*v + 23*v = -2333. Is v a composite number?
False
Is ((3/(-30))/((-2)/(-315885)))/(3/(-4)) prime?
True
Let v(a) = 3*a - 33. Let l be v(11). Suppose 0 = -4*f - 0*z - 2*z + 4, -f - z = l. Is f/(-7) - (-23235)/105 prime?
False
Let a be (-14)/(-21)*3/2 - -1. Suppose -a*r + 114 = -130. Let c = r - -755. Is c composite?
False
Suppose 6384460 + 623330 = 30*n. Is n composite?
True
Let z be 48/312 + (-128)/78*-6. Suppose -168651 + 17621 = -z*x. Is x a prime number?
False
Let x(i) = 4*i**3 - 2*i**2 - i + 2. Let t be x(1). Suppose -t*g + 5*q + 5894 = 0, -13*g + 4*q = -14*g + 1993. Is g a composite number?
False
Suppose -4*a = -5*m + 56, -37 = -2*m - 5*a - 8. Suppose m*w = 3*w + 55971. Suppose 5*t - 5*n - 15460 = 0, -t = t + 5*n - w. Is t composite?
True
Let n = -6568 + 20541. Is n a composite number?
True
Let y(c) = -7*c**2 + 7*c + 13. Let b(v) = v**2 + 1. Let l(n) = 2*b(n) - y(n). Let u be l(6). Let x = u + 46. Is x a composite number?
False
Suppose 0 = 21*t - 91 - 14. Let j(c) = -c**2 - 8*c - 7. Let s be j(-6). Suppose t*k - 415 = s*m, -2*m = -k + 2*k - 83. Is k composite?
False
Let i be ((12/(-2))/(-30))/((-1)/(-25)). Let w(l) be the third derivative of 67*l**6/120 - l**5/15 + l**4/24 - 11*l**3/6 - l**2. Is w(i) a composite number?
False
Let g = 705784 + -301775. Is g composite?
False
Let d = 138 - 132. Is (1 - 5) + d + 353 a composite number?
True
Let x(o) = -o + 3*o + o**2 - 7*o + 4. Let b be x(5). Suppose -q + 10 = -b. Is q a composite number?
True
Suppose -9*p + 720 = p. Let v(b) = -336*b - 161*b - 211*b + p - 109*b. Is v(-7) a prime number?
True
Suppose 0 = -2*x + 4, 3*o = 2*x + 21828 + 20465. Is o prime?
False
Suppose 0*y + y + 8 = 5*p, -2*p = -4*y + 4. Is 1/p + (79194/4 - -2) prime?
True
Let u(j) = -289*j**2 - j + 1. Let a be u(1). Suppose 285*c + 1020 = 229*c - 4468. Let r = c - a. Is r composite?
False
Suppose 261*f - 260*f = -2*a + 186929, -a + 93472 = 3*f. Is a a prime number?
True
Let r = 11809 + 29224. Is r a prime number?
False
Suppose -2857552 = -43*z - 2463530 + 6324341. Is z a composite number?
False
Let d(q) = -q + 10. Let i be d(6). Let m(t) = 137*t**2 - 26*t - 15. Let u(y) = 46*y**2 - 9*y - 5. Let a(h) = i*m(h) - 11*u(h). Is a(-6) a composite number?
True
Let r(k) = 5*k - 63. Let y be r(13). Suppose 2*n - 5 = n, -5*p - y*n + 48075 = 0. Is p a prime number?
True
Suppose -s = 3*g - 98, s + 44 - 138 = -2*g. Suppose 0 = 3*w - 4105 - s. Is w a composite number?
True
Let s(r) = 127346*r**3 + 20*r - 21. Is s(1) a composite number?
True
Suppose -5*t + 5*w + 525 = 0, -3*t - 2*w = -155 - 175. Is 26953/9 + 24/t composite?
True
Let k(p) = -23*p + 191. Let v be k(8). Let m(c) = 228*c + 35. Is m(v) prime?
False
Let c be 10/(-50)*(-15)/9*6. Suppose 3*v - 42315 = -2*v - c*d, 5*v - 42325 = -4*d. Is v a prime number?
True
Let l(g) = 174*g**2 + 2*g + 3. Suppose -3*i + 2*a - 79 = -0*i, -a - 136 = 5*i. Let w be ((-3)/2)/(i/(-36)). Is l(w) a composite number?
True
Is (-200)/150 + 49574/6 a prime number?
False
Let l(o) = -3 - o - 5 + 14 - 2*o**2. Let a be l(0). Is (-1 + (-2278)/a)/((-36)/54) a composite number?
False
Let i = 61 + -56. Suppose i*m - 4 + 9 = 0. Is 1869/2 + m + 2/4 prime?
False
Suppose g = 5*v + 76, -4*g + 195 = -v - 90. Suppose 2*h = -8, 2*m - 2*h + g = 617. Is m composite?
False
Let v be -1112*4/(-24)*231/14. Let x = v - -3411. Is x a prime number?
True
Let c(t) = 11577*t**2 + 121*t - 63. Is c(-8) a composite number?
True
Let y be (23 - 4)/(((-15)/1497)/5). Let s = -5288 - y. Is s composite?
True
Let u = -222 + 226. Let c(r) = 4*r**2 - r - 2. Let m be c(-1). Suppose -2056 = -u*b + 2*b + m*z, -1041 = -b - 5*z. Is b composite?
False
Let v be (-1 + 406 - -5) + 2. Let j = 701 - v. Is j + (1 - 15/(-5)) prime?
True
Let p = 41100 + -28929. Is p composite?
True
Let x(i) be the first derivative of -353*i**2/2 - 9*i + 42. Let m be x(-2). Suppose 4*s - 4*j = m + 651, 1673 = 5*s + j. Is s a composite number?
True
Let w(q) = -2*q - 48. Let z be w(0). Let p be z/(-27) + (-6)/(-27). Suppose 2*a - 338 = -8*m + 4*m, p*a + 3*m = 334. Is a a composite number?
True
Is 601288/36*9/2 a prime number?
True
Suppose -5*y + 3754 = -2*w + 436, 2*y - 1308 = -4*w. Suppose 9*z = y + 85. Is 2 - 0 - z*(-10 + 3) a composite number?
True
Let g(d) = 519*d**3 - d**2 + 2*d - 3. Suppose 2*u + 2*s - 12 = 0, 2*u = -2*u + 5*s - 21. Is g(u) a prime number?
False
Suppose 0*q = 7*q - 21. Suppose -k + 49 = -2*x, -k = -q*x - 2*k - 81. Let w = x + 72. Is w a prime number?
False
Suppose 0 = -6*f - 2*f + 24. Suppose 6547 = f*k - g, -3*k + 7489 = 5*g + 912. Suppose 2*v - k = -506. Is v a composite number?
False
Is (-5 - (-2801226)/(-12))*(-9)/(54/4) prime?
True
Suppose 9*b = -8*b - 85. Let s(z) = 16*z**2 - 21*z - 13. Let f(q) = -8*q**2 + 11*q + 6. Let l(o) = b*f(o) - 2*s(o). Is l(5) a prime number?
True
Let p be (-270)/(-10)*(-8)/(-6). Let y = p - 38. Let x(w) = -148*w - 3. Is x(y) prime?
True
Let m(d) = 1214*d**3 - 29*d**2 + 40*d - 148. Is m(5) a composite number?
True
Suppose -27 = -5*z - 4*g, 0*g - 5*g = -15. Suppos